2 + 373*b + 20024. Determine l(-65).
4
Let f(a) = -2*a**2 + 34*a - 113. Calculate f(6).
19
Let p(j) = -9*j**3 - 218*j**2 - 48*j - 14. Determine p(-24).
-14
Let w(l) = -2*l**2 + 25*l - 114. What is w(4)?
-46
Let i(l) = -9872*l + 69117. Give i(7).
13
Let s(t) = t**3 + 48*t**2 - 206*t - 41. Calculate s(-52).
-145
Let h(k) = -27*k**2 - 16*k - 15. What is h(-2)?
-91
Let k(h) = -3*h**3 - 117*h**2 - 116*h - 85. Give k(-38).
-9
Let g(u) = -u**2 - 21*u + 552. Determine g(15).
12
Let s(f) = f**2 + 3*f - 60. Determine s(7).
10
Let k(c) = 3*c**3 + 29*c**2 + 56*c + 4. Calculate k(-7).
4
Let t(y) = -2*y**2 - 32*y + 28. What is t(-15)?
58
Let b(w) = w**3 + 74*w**2 + 921*w - 411. Determine b(-58).
-5
Let a(x) = 5*x**2 - 1339*x + 1050. Give a(267).
-18
Let o(y) = 14*y**2 + 226*y + 31. What is o(-16)?
-1
Let m(l) = -l**3 - 14*l**2 - 30*l - 433. Determine m(-14).
-13
Let d(s) = s**3 - 14*s**2 - 12*s - 117. Determine d(15).
-72
Let h(g) = g**3 - 8*g**2 + 13*g - 30. Determine h(9).
168
Let j(q) = -q**2 - 44*q + 68. Give j(-44).
68
Let l(x) = -376*x + 6408. Determine l(17).
16
Let j(g) = 54*g + 2031. Calculate j(-54).
-885
Let n(a) = -2*a - 167. Give n(2).
-171
Let g(a) = 695*a - 136225. What is g(196)?
-5
Let x(d) = 67*d + 217. Calculate x(-3).
16
Let m(s) = -3*s**2 - 37*s + 73. What is m(-14)?
3
Let k(c) = -7*c**2 - 2*c - 44. What is k(-6)?
-284
Let r(l) = l**3 - l**2 - 159*l + 20. Calculate r(0).
20
Let k(w) = -5*w**2 + 2*w - 31. Calculate k(-4).
-119
Let r(u) = -u**3 + u**2 + 37*u + 38. Calculate r(-5).
3
Let m(a) = 390*a - 167. What is m(1)?
223
Let q(x) = x**3 + 8*x**2 - 18*x - 18. Give q(-10).
-38
Let t(d) = -5*d**2 - 38*d - 59. Determine t(-7).
-38
Let p(f) = 411*f + 2884. Calculate p(-7).
7
Let r(f) = 25*f - 1138. Give r(47).
37
Let k(f) = 2*f**3 - 348*f**2 - 1052*f - 10. Determine k(-3).
-40
Let m(u) = -2*u**3 + 42*u**2 - 4*u + 32. Determine m(21).
-52
Let l(p) = p**2 - 78*p + 484. Give l(71).
-13
Let l(z) = z**2 - 105*z - 1671. Determine l(-14).
-5
Let p(b) = 125*b**3 - 2*b**2 - 6*b - 4. Give p(-1).
-125
Let v(i) = i**2 + 9*i + 7. What is v(-2)?
-7
Let y(u) = -5*u**2 + 26*u - 21. What is y(3)?
12
Let p(m) = -20*m + 402. Give p(21).
-18
Let s(v) = -4*v**2 + 97*v - 32. What is s(23)?
83
Let u(k) = 19012*k + 95048. Give u(-5).
-12
Let n(t) = t**3 + 36*t**2 - 15*t + 810. Give n(-37).
-4
Let a(d) = 106*d + 207. Calculate a(-5).
-323
Let l(a) = -12*a**2 - 108*a - 81. Give l(-8).
15
Let v(c) = -49*c + 754. Calculate v(18).
-128
Let w(c) = -c**3 - 24*c - 150. What is w(-4)?
10
Let n(k) = k**2 + 41*k + 418. What is n(-32)?
130
Let g(f) = -3*f**3 - 4*f**2 + 25*f + 50. Determine g(-2).
8
Let m(x) = 441*x + 4403. Determine m(-10).
-7
Let z(c) = -97*c - 274. What is z(-3)?
17
Let o(i) = i**2 + 96*i + 2271. What is o(-38)?
67
Let f(m) = -m**3 - 29*m**2 - 139*m + 314. What is f(-22)?
-16
Let d(n) = 2*n**3 - 66*n**2 - 4*n + 61. Calculate d(33).
-71
Let m(p) = -10*p**3 + 46*p**2 - 17*p + 24. Determine m(6).
-582
Let h(s) = -s**2 + 268*s + 839. Calculate h(-3).
26
Let z(s) = -s**3 + 14*s**2 - 13*s + 20. Determine z(13).
20
Let u(g) = -g**2 + 35*g + 448. Determine u(44).
52
Let d(c) = 5*c**2 + 148*c + 192. Determine d(-27).
-159
Let d(b) = b**3 - 42*b**2 + 153*b + 7. Determine d(38).
45
Let f(l) = -4669*l + 18676. Determine f(4).
0
Let g(h) = h**2 + 367*h + 32969. What is g(-210)?
-1
Let i(q) = 19*q - 31. What is i(21)?
368
Let o(m) = -8*m + 134. Determine o(24).
-58
Let y(n) = -57*n + 412. Determine y(7).
13
Let i(v) = v**3 - 8*v**2 + 3*v + 36. Give i(10).
266
Let w(c) = -c**3 - 7*c**2 + 47*c + 60. Determine w(5).
-5
Let n(t) = 12*t**2 - 66*t - 33. What is n(9)?
345
Let t(p) = -2*p**3 - 55*p**2 + 216*p + 11. What is t(-31)?
42
Let j(h) = h**3 + 26*h**2 - 146*h + 292. What is j(-31)?
13
Let k(g) = -55*g + 205. Give k(4).
-15
Let p(b) = -209*b - 7523. Calculate p(-36).
1
Let v(g) = g**2 + 39*g - 8. Give v(-33).
-206
Let t(r) = -r**3 - 16*r**2 - 65*r - 4. Determine t(-7).
10
Let w(b) = -13*b - 83. What is w(-7)?
8
Let j(a) = -74*a + 1301. What is j(14)?
265
Let k(i) = 2*i**2 - 118*i - 168. Calculate k(60).
-48
Let l(g) = 63*g - 387. Calculate l(5).
-72
Let r(b) = -b**3 - 8*b**2 + 37*b + 15. Calculate r(-12).
147
Let x(o) = -64*o + 579. Determine x(9).
3
Let a(z) = 10*z**3 + 8*z + 14. What is a(-2)?
-82
Let m(z) = 633*z + 1926. Calculate m(-3).
27
Let o(l) = -8*l**2 + 24*l - 81. Give o(6).
-225
Let q(i) = 13*i + 955. Calculate q(-74).
-7
Let j(l) = 572*l + 4022. Calculate j(-7).
18
Let l(j) = -2*j**2 + 21*j + 113. Give l(-5).
-42
Let q(r) = -2194*r + 41615. Calculate q(19).
-71
Let x(d) = 2*d - 6. Calculate x(-7).
-20
Let y(v) = 2*v**2 - 1694*v - 8513. Determine y(-5).
7
Let i(p) = -2*p - 12. Calculate i(-6).
0
Let d(z) = 19*z + 1836. Calculate d(-95).
31
Let q(x) = -2*x**3 + 29*x**2 - 7*x - 71. What is q(14)?
27
Let d(n) = 3*n**3 - 45*n**2 + 37*n + 107. Calculate d(14).
37
Let l(q) = 4*q**3 - 5*q**2 - 9*q + 34. Determine l(3).
70
Let z(k) = 40*k - 5953. What is z(149)?
7
Let q(w) = w**2 + 10*w - 34. Give q(-13).
5
Let v(x) = -x**2 + 219*x - 2468. What is v(12)?
16
Let j(p) = p**2 - 80*p + 1585. What is j(37)?
-6
Let s(v) = -462*v - 4151. Give s(-9).
7
Let f(o) = -113*o - 4159. Determine f(-37).
22
Let n(u) = u + 45. Determine n(-6).
39
Let g(w) = 129*w - 10701. Determine g(83).
6
Let y(u) = u**2 + 502*u + 6828. Calculate y(-14).
-4
Let n(j) = -281*j + 2400. What is n(7)?
433
Let a(q) = 5*q**2 + 297*q - 514. Calculate a(-61).
-26
Let z(q) = -7885*q - 31541. Determine z(-4).
-1
Let g(x) = 24*x + 185. Calculate g(-10).
-55
Let y(t) = t**3 + 57*t**2 + 112*t - 2685. What is y(-54)?
15
Let i(h) = 41*h + 375. Determine i(-12).
-117
Let o(g) = g**3 + 5*g**2 + 937*g + 4684. What is o(-5)?
-1
Let z(s) = -8*s + 17. Calculate z(18).
-127
Let m(o) = 2*o**2 - 83*o - 633. Give m(-7).
46
Let h(o) = o**3 - 25*o**2 - 5*o + 160. Give h(25).
35
Let y(m) = -253*m + 645. Give y(4).
-367
Let q(r) = r**3 + 2*r**2 - 60*r - 116. What is q(-2)?
4
Let h(w) = -423*w - 442. Determine h(-1).
-19
Let c(l) = l**3 - 36*l**2 + 220*l + 119. Give c(28).
7
Let m(b) = -b**3 + 48*b**2 - 142*b + 318. Calculate m(45).
3
Let h(d) = d**3 - 32*d**2 + 251*d - 56. Calculate h(13).
-4
Let m(q) = -34*q + 780. Determine m(24).
-36
Let j(h) = h**3 - h**2 + 13*h + 31. Determine j(-3).
-44
Let k(v) = -3*v**3 + 91*v**2 - 27*v - 46. Determine k(30).
44
Let g(s) = -s**3 + 19*s**2 + 18*s + 39. Give g(20).
-1
Let n(m) = -24*m - 7. What is n(-6)?
137
Let t(l) = -l**3 - 27*l**2 + 11*l + 251. Calculate t(-27).
-46
Let c(x) = x**2 + 13*x + 94. Determine c(-5).
54
Let k(v) = -7*v - 14. Determine k(-3).
7
Let s(k) = 501*k**3 + 4*k**2 - 2*k - 2. Determine s(-1).
-497
Let m(n) = 83*n**2 + 4*n - 5. Calculate m(1).
82
Let y(g) = -175*g - 1238. What is y(-7)?
-13
Let m(v) = -v**3 + 3*v**2 - 469*v + 2383. What is m(5)?
-12
Let q(o) = 1070*o - 4279. Determine q(4).
1
Let a(r) = 10*r**3 + 48*r**2 + 13*r + 9. What is a(-5)?
-106
Let q(k) = -244*k - 32686. What is q(-134)?
10
Let z(v) = v**3 + 10*v**2 + 17*v + 53. Give z(-8).
45
Let l(o) = -443*o + 1762. Calculate l(4).
-10
Let f(i) = i**3 - 40*i**2 + 9*i + 2548. What is f(38)?
2
Let f(t) = -3*t**3 - 3*t. Determine f(-2).
30
Let j(l) = -l**3 - 16*l**2 - 21*l - 39. Give j(-9).
-417
Let f(c) = -4*c**2 - 57*c + 472. Calculate f(6).
-14
Let v(u) = -u**3 + 2*u**2 + 192*u - 68. Calculate v(-13).
-29
Let p(m) = -164*m + 521. Calculate p(3).
29
Let p(s) = s**2 - 3*s - 79. What is p(0)?
-79
Let f(v) = 3*v**2 + 34*v - 90. Give f(-12).
-66
Let x(o) = -1361*o - 142916. Determine x(-105).
-11
Let x(t) = 183*t + 171. Give x(-1).
-12
Let h(g) = 2*g**3 - 268*g**2 + 7*g - 950. Calculate h(134).
-12
Let y(a) = -53*a**2 + 473*a + 28. Give y(9).
-8
Let l(f) = -165*f + 327. What is l(2)?
-3
Let m(t) = 14*t + 1302. Determine m(-90).
42
Let r(q) = 4*q + 103. Give r(-24).
7
Let i(y) = y**3 + 16*y**2 + 145*y + 1633. Calculate i(-14).
-5
Let t(n) = -20*n**2 + 2425*n - 594. Give t(121).
11
Let r(x) = x**3 + 10*x**2 + 59*x + 300. Give r(-6).
90
Let x(p) = p**3 + 2*p**2 + 8*p + 21. Give x(-7).
-280
Let s(z) = 35*z**2 - 12*z + 55. Determine s(5).
870
Let g(w) = -1641*w - 29542. Calculate g(-18).
-4
Let u(f) = 3*f**2 + 28*f + 44. Calculate u(-6).
-16
Let p(h) = -2*h**2 - 87*h + 1140. What is p(-54)?
6
Let b(n) = 550*n + 44